{"id":130,"date":"2023-04-13T14:11:37","date_gmt":"2023-04-13T12:11:37","guid":{"rendered":"http:\/\/mapiboy.hu\/?page_id=130"},"modified":"2023-04-14T17:05:14","modified_gmt":"2023-04-14T15:05:14","slug":"kerdezz-felelek","status":"publish","type":"page","link":"https:\/\/mapiboy.hu\/index.php\/kerdezz-felelek\/","title":{"rendered":"K\u00e9rdezz-felelek"},"content":{"rendered":"<div class=\"wp-block-image\">\n<figure class=\"aligncenter size-full is-resized\"><img loading=\"lazy\" decoding=\"async\" src=\"https:\/\/mapiboy.hu\/wp-content\/uploads\/2023\/04\/chat_ok.png\" alt=\"\" class=\"wp-image-141\" width=\"233\" height=\"201\"\/><\/figure>\n<\/div>\n\n\n<p class=\"has-text-align-center\"><strong>Ezen az oldalon felteheti k\u00e9rd\u00e9seit, tan\u00e1csot k\u00e9rhet a MAPIBOY KFT.-t\u0151l, \u00e9s olyan \u00e1ltal\u00e1nos dolgokat besz\u00e9lhet meg, ami m\u00e1s l\u00e1togat\u00f3k sz\u00e1m\u00e1ra is hasznos lehet.<\/strong><\/p>\n","protected":false},"excerpt":{"rendered":"<p>Ezen az oldalon felteheti k\u00e9rd\u00e9seit, tan\u00e1csot k\u00e9rhet a MAPIBOY KFT.-t\u0151l, \u00e9s olyan \u00e1ltal\u00e1nos dolgokat besz\u00e9lhet meg, ami m\u00e1s l\u00e1togat\u00f3k sz\u00e1m\u00e1ra is hasznos lehet.<\/p>\n","protected":false},"author":1,"featured_media":0,"parent":0,"menu_order":0,"comment_status":"open","ping_status":"closed","template":"","meta":{"footnotes":""},"class_list":["post-130","page","type-page","status-publish","hentry"],"a3_pvc":{"activated":false,"total_views":0,"today_views":0},"yoast_head":"<!-- This site is optimized with the Yoast SEO plugin v27.5 - https:\/\/yoast.com\/product\/yoast-seo-wordpress\/ -->\n<title>K\u00e9rdezz-felelek - MapiBoy Kft.<\/title>\n<meta name=\"robots\" content=\"index, follow, max-snippet:-1, max-image-preview:large, max-video-preview:-1\" \/>\n<link rel=\"canonical\" href=\"https:\/\/mapiboy.hu\/index.php\/kerdezz-felelek\/\" \/>\n<meta property=\"og:locale\" content=\"hu_HU\" \/>\n<meta property=\"og:type\" content=\"article\" \/>\n<meta property=\"og:title\" content=\"K\u00e9rdezz-felelek - MapiBoy Kft.\" \/>\n<meta property=\"og:description\" content=\"Ezen az oldalon felteheti k\u00e9rd\u00e9seit, tan\u00e1csot k\u00e9rhet a MAPIBOY KFT.-t\u0151l, \u00e9s olyan \u00e1ltal\u00e1nos dolgokat besz\u00e9lhet meg, ami m\u00e1s l\u00e1togat\u00f3k sz\u00e1m\u00e1ra is hasznos lehet.\" \/>\n<meta property=\"og:url\" content=\"https:\/\/mapiboy.hu\/index.php\/kerdezz-felelek\/\" \/>\n<meta property=\"og:site_name\" content=\"MapiBoy Kft.\" \/>\n<meta property=\"article:modified_time\" content=\"2023-04-14T15:05:14+00:00\" \/>\n<meta property=\"og:image\" content=\"https:\/\/mapiboy.hu\/wp-content\/uploads\/2023\/04\/chat_ok.png\" \/>\n<meta name=\"twitter:card\" content=\"summary_large_image\" \/>\n<script type=\"application\/ld+json\" class=\"yoast-schema-graph\">{\"@context\":\"https:\\\/\\\/schema.org\",\"@graph\":[{\"@type\":\"WebPage\",\"@id\":\"https:\\\/\\\/mapiboy.hu\\\/index.php\\\/kerdezz-felelek\\\/\",\"url\":\"https:\\\/\\\/mapiboy.hu\\\/index.php\\\/kerdezz-felelek\\\/\",\"name\":\"K\u00e9rdezz-felelek - MapiBoy Kft.\",\"isPartOf\":{\"@id\":\"https:\\\/\\\/mapiboy.hu\\\/#website\"},\"primaryImageOfPage\":{\"@id\":\"https:\\\/\\\/mapiboy.hu\\\/index.php\\\/kerdezz-felelek\\\/#primaryimage\"},\"image\":{\"@id\":\"https:\\\/\\\/mapiboy.hu\\\/index.php\\\/kerdezz-felelek\\\/#primaryimage\"},\"thumbnailUrl\":\"https:\\\/\\\/mapiboy.hu\\\/wp-content\\\/uploads\\\/2023\\\/04\\\/chat_ok.png\",\"datePublished\":\"2023-04-13T12:11:37+00:00\",\"dateModified\":\"2023-04-14T15:05:14+00:00\",\"breadcrumb\":{\"@id\":\"https:\\\/\\\/mapiboy.hu\\\/index.php\\\/kerdezz-felelek\\\/#breadcrumb\"},\"inLanguage\":\"hu\",\"potentialAction\":[{\"@type\":\"ReadAction\",\"target\":[\"https:\\\/\\\/mapiboy.hu\\\/index.php\\\/kerdezz-felelek\\\/\"]}]},{\"@type\":\"ImageObject\",\"inLanguage\":\"hu\",\"@id\":\"https:\\\/\\\/mapiboy.hu\\\/index.php\\\/kerdezz-felelek\\\/#primaryimage\",\"url\":\"https:\\\/\\\/mapiboy.hu\\\/wp-content\\\/uploads\\\/2023\\\/04\\\/chat_ok.png\",\"contentUrl\":\"https:\\\/\\\/mapiboy.hu\\\/wp-content\\\/uploads\\\/2023\\\/04\\\/chat_ok.png\",\"width\":257,\"height\":222},{\"@type\":\"BreadcrumbList\",\"@id\":\"https:\\\/\\\/mapiboy.hu\\\/index.php\\\/kerdezz-felelek\\\/#breadcrumb\",\"itemListElement\":[{\"@type\":\"ListItem\",\"position\":1,\"name\":\"Kezd\u0151lap\",\"item\":\"https:\\\/\\\/mapiboy.hu\\\/\"},{\"@type\":\"ListItem\",\"position\":2,\"name\":\"K\u00e9rdezz-felelek\"}]},{\"@type\":\"WebSite\",\"@id\":\"https:\\\/\\\/mapiboy.hu\\\/#website\",\"url\":\"https:\\\/\\\/mapiboy.hu\\\/\",\"name\":\"MapiBoy Kft.\",\"description\":\"burkolatok, mesterfokon\",\"potentialAction\":[{\"@type\":\"SearchAction\",\"target\":{\"@type\":\"EntryPoint\",\"urlTemplate\":\"https:\\\/\\\/mapiboy.hu\\\/?s={search_term_string}\"},\"query-input\":{\"@type\":\"PropertyValueSpecification\",\"valueRequired\":true,\"valueName\":\"search_term_string\"}}],\"inLanguage\":\"hu\"}]}<\/script>\n<!-- \/ Yoast SEO plugin. -->","yoast_head_json":{"title":"K\u00e9rdezz-felelek - MapiBoy Kft.","robots":{"index":"index","follow":"follow","max-snippet":"max-snippet:-1","max-image-preview":"max-image-preview:large","max-video-preview":"max-video-preview:-1"},"canonical":"https:\/\/mapiboy.hu\/index.php\/kerdezz-felelek\/","og_locale":"hu_HU","og_type":"article","og_title":"K\u00e9rdezz-felelek - MapiBoy Kft.","og_description":"Ezen az oldalon felteheti k\u00e9rd\u00e9seit, tan\u00e1csot k\u00e9rhet a MAPIBOY KFT.-t\u0151l, \u00e9s olyan \u00e1ltal\u00e1nos dolgokat besz\u00e9lhet meg, ami m\u00e1s l\u00e1togat\u00f3k sz\u00e1m\u00e1ra is hasznos lehet.","og_url":"https:\/\/mapiboy.hu\/index.php\/kerdezz-felelek\/","og_site_name":"MapiBoy Kft.","article_modified_time":"2023-04-14T15:05:14+00:00","og_image":[{"url":"https:\/\/mapiboy.hu\/wp-content\/uploads\/2023\/04\/chat_ok.png","type":"","width":"","height":""}],"twitter_card":"summary_large_image","schema":{"@context":"https:\/\/schema.org","@graph":[{"@type":"WebPage","@id":"https:\/\/mapiboy.hu\/index.php\/kerdezz-felelek\/","url":"https:\/\/mapiboy.hu\/index.php\/kerdezz-felelek\/","name":"K\u00e9rdezz-felelek - MapiBoy Kft.","isPartOf":{"@id":"https:\/\/mapiboy.hu\/#website"},"primaryImageOfPage":{"@id":"https:\/\/mapiboy.hu\/index.php\/kerdezz-felelek\/#primaryimage"},"image":{"@id":"https:\/\/mapiboy.hu\/index.php\/kerdezz-felelek\/#primaryimage"},"thumbnailUrl":"https:\/\/mapiboy.hu\/wp-content\/uploads\/2023\/04\/chat_ok.png","datePublished":"2023-04-13T12:11:37+00:00","dateModified":"2023-04-14T15:05:14+00:00","breadcrumb":{"@id":"https:\/\/mapiboy.hu\/index.php\/kerdezz-felelek\/#breadcrumb"},"inLanguage":"hu","potentialAction":[{"@type":"ReadAction","target":["https:\/\/mapiboy.hu\/index.php\/kerdezz-felelek\/"]}]},{"@type":"ImageObject","inLanguage":"hu","@id":"https:\/\/mapiboy.hu\/index.php\/kerdezz-felelek\/#primaryimage","url":"https:\/\/mapiboy.hu\/wp-content\/uploads\/2023\/04\/chat_ok.png","contentUrl":"https:\/\/mapiboy.hu\/wp-content\/uploads\/2023\/04\/chat_ok.png","width":257,"height":222},{"@type":"BreadcrumbList","@id":"https:\/\/mapiboy.hu\/index.php\/kerdezz-felelek\/#breadcrumb","itemListElement":[{"@type":"ListItem","position":1,"name":"Kezd\u0151lap","item":"https:\/\/mapiboy.hu\/"},{"@type":"ListItem","position":2,"name":"K\u00e9rdezz-felelek"}]},{"@type":"WebSite","@id":"https:\/\/mapiboy.hu\/#website","url":"https:\/\/mapiboy.hu\/","name":"MapiBoy Kft.","description":"burkolatok, mesterfokon","potentialAction":[{"@type":"SearchAction","target":{"@type":"EntryPoint","urlTemplate":"https:\/\/mapiboy.hu\/?s={search_term_string}"},"query-input":{"@type":"PropertyValueSpecification","valueRequired":true,"valueName":"search_term_string"}}],"inLanguage":"hu"}]}},"_links":{"self":[{"href":"https:\/\/mapiboy.hu\/index.php\/wp-json\/wp\/v2\/pages\/130","targetHints":{"allow":["GET"]}}],"collection":[{"href":"https:\/\/mapiboy.hu\/index.php\/wp-json\/wp\/v2\/pages"}],"about":[{"href":"https:\/\/mapiboy.hu\/index.php\/wp-json\/wp\/v2\/types\/page"}],"author":[{"embeddable":true,"href":"https:\/\/mapiboy.hu\/index.php\/wp-json\/wp\/v2\/users\/1"}],"replies":[{"embeddable":true,"href":"https:\/\/mapiboy.hu\/index.php\/wp-json\/wp\/v2\/comments?post=130"}],"version-history":[{"count":5,"href":"https:\/\/mapiboy.hu\/index.php\/wp-json\/wp\/v2\/pages\/130\/revisions"}],"predecessor-version":[{"id":145,"href":"https:\/\/mapiboy.hu\/index.php\/wp-json\/wp\/v2\/pages\/130\/revisions\/145"}],"wp:attachment":[{"href":"https:\/\/mapiboy.hu\/index.php\/wp-json\/wp\/v2\/media?parent=130"}],"curies":[{"name":"wp","href":"https:\/\/api.w.org\/{rel}","templated":true}]}}